f 20?
False
Is 447 a multiple of 6?
False
Is 3 a factor of 57?
True
Does 39 divide 1053?
True
Is 17899 a multiple of 160?
False
Does 72 divide 113644?
False
Does 10 divide 4600?
True
Is 608 a multiple of 32?
True
Is 20 a factor of 34440?
True
Is 754 a multiple of 13?
True
Does 18 divide 918?
True
Is 6 a factor of 954?
True
Is 282 a factor of 18091?
False
Does 54 divide 530?
False
Is 30248 a multiple of 30?
False
Is 3411 a multiple of 19?
False
Does 289 divide 60690?
True
Does 35 divide 1798?
False
Does 4 divide 333?
False
Is 35 a factor of 5182?
False
Does 12 divide 37356?
True
Does 60 divide 4612?
False
Is 2322 a multiple of 9?
True
Is 950 a multiple of 95?
True
Does 11 divide 478?
False
Is 8 a factor of 2472?
True
Is 5296 a multiple of 68?
False
Is 27991 a multiple of 16?
False
Is 3476 a multiple of 39?
False
Does 115 divide 24495?
True
Does 27 divide 432?
True
Does 9 divide 1982?
False
Is 20 a factor of 141?
False
Is 21 a factor of 3406?
False
Is 1118 a multiple of 26?
True
Does 3 divide 1062?
True
Is 26239 a multiple of 91?
False
Is 182 a factor of 6188?
True
Does 27 divide 837?
True
Is 5110 a multiple of 35?
True
Does 4 divide 1464?
True
Is 9 a factor of 84?
False
Is 121 a multiple of 12?
False
Is 22 a factor of 308?
True
Does 18 divide 3779?
False
Does 13 divide 481?
True
Is 18 a factor of 1314?
True
Does 19 divide 931?
True
Is 2145 a multiple of 39?
True
Does 17 divide 5866?
False
Does 6 divide 130?
False
Is 14 a factor of 26124?
True
Does 79 divide 869?
True
Is 19 a factor of 703?
True
Does 10 divide 490?
True
Is 92 a factor of 1104?
True
Is 11651 a multiple of 28?
False
Is 17 a factor of 20655?
True
Is 98 a factor of 8624?
True
Does 11 divide 35090?
True
Does 16 divide 5104?
True
Is 98 a factor of 6765?
False
Is 21595 a multiple of 11?
False
Does 28 divide 252?
True
Does 22 divide 774?
False
Is 86 a factor of 2415?
False
Is 1909 a multiple of 13?
False
Is 2300 a multiple of 23?
True
Does 15 divide 2995?
False
Does 26 divide 416?
True
Does 22 divide 33995?
False
Is 16 a factor of 1338?
False
Does 43 divide 3268?
True
Is 8940 a multiple of 12?
True
Is 23 a factor of 2898?
True
Is 12 a factor of 918?
False
Is 1710 a multiple of 10?
True
Does 11 divide 737?
True
Is 165 a factor of 7303?
False
Does 8 divide 52530?
False
Is 2222 a multiple of 3?
False
Does 106 divide 954?
True
Is 37372 a multiple of 14?
False
Does 17 divide 107274?
False
Is 240 a multiple of 120?
True
Does 181 divide 32580?
True
Does 4 divide 53?
False
Is 74 a factor of 518?
True
Does 68 divide 8755?
False
Is 58 a factor of 6393?
False
Is 1120 a multiple of 5?
True
Is 12100 a multiple of 25?
True
Is 2910 a multiple of 10?
True
Does 7 divide 334?
False
Is 47 a factor of 9071?
True
Does 272 divide 272?
True
Is 44 a factor of 396?
True
Does 13 divide 2171?
True
Is 103 a factor of 412?
True
Is 3 a factor of 320?
False
Is 475 a multiple of 7?
False
Is 647 a multiple of 24?
False
Is 7 a factor of 539?
True
Is 392 a multiple of 6?
False
Is 13 a multiple of 9?
False
Is 37 a multiple of 18?
False
Is 117 a multiple of 9?
True
Is 40 a factor of 240?
True
Does 44 divide 2596?
True
Is 58 a multiple of 5?
False
Is 3 a factor of 357?
True
Is 2906 a multiple of 3?
False
Is 26972 a multiple of 11?
True
Does 18 divide 248?
False
Is 17 a factor of 2803?
False
Is 17 a factor of 25347?
True
Is 5952 a multiple of 40?
False
Does 12 divide 450?
False
Is 3094 a multiple of 3?
False
Is 260 a multiple of 6?
False
Does 3 divide 357?
True
Is 20 a multiple of 20?
True
Does 50 divide 3100?
True
Does 55 divide 3288?
False
Is 248 a multiple of 8?
True
Is 576 a multiple of 24?
True
Is 18 a factor of 6984?
True
Does 25 divide 7118?
False
Is 6616 a multiple of 11?
False
Is 15 a factor of 3624?
False
Is 1479 a multiple of 87?
True
Does 254 divide 77624?
False
Does 8 divide 1093?
False
Does 85 divide 2169?
False
Is 15420 a multiple of 12?
True
Does 4 divide 7756?
True
Is 328 a multiple of 11?
False
Is 26 a factor of 1768?
True
Is 68 a factor of 3277?
False
Is 1083 a multiple of 2?
False
Does 217 divide 29512?
True
Is 77 a factor of 1386?
True
Does 59 divide 3009?
True
Is 510 a multiple of 36?
False
Is 57695 a multiple of 29?
False
Is 2778 a multiple of 22?
False
Is 3840 a multiple of 32?
True
Is 290 a factor of 35674?
False
Is 2 a factor of 6040?
True
Is 1036 a multiple of 33?
False
Is 86 a factor of 37066?
True
Is 2107 a multiple of 18?
False
Is 844 a multiple of 26?
False
Is 16 a factor of 21408?
True
Does 45 divide 866?
False
Is 6384 a multiple of 48?
True
Does 11 divide 643?
False
Is 900 a multiple of 45?
True
Is 5 a factor of 543?
False
Does 6 divide 1200?
True
Is 11072 a multiple of 32?
True
Is 81 a factor of 1215?
True
Is 33 a factor of 11594?
False
Does 32 divide 992?
True
Does 28 divide 5572?
True
Is 1150 a multiple of 115?
True
Is 25 a factor of 4200?
True
Is 2 a factor of 47?
False
Is 14237 a multiple of 108?
False
Does 8 divide 299?
False
Is 73 a multiple of 2?
False
Does 3 divide 241?
False
Does 13 divide 348?
False
Does 7 divide 766?
False
Is 13 a factor of 18308?
False
Is 55 a factor of 215?
False
Does 6 divide 1368?
True
Does 26 divide 31675?
False
Is 7 a factor of 1477?
True
Is 5928 a multiple of 19?
True
Does 71 divide 12514?
False
Is 408 a multiple of 4?
True
Does 185 divide 45880?
True
Is 34 a factor of 9894?
True
Is 19 a factor of 762?
False
Does 8 divide 904?
True
Is 6982 a multiple of 174?
False
Does 91 divide 13468?
True
Is 5492 a multiple of 32?
False
Does 7 divide 24?
False
Is 77 a factor of 1771?
True
Is 122 a factor of 1830?
True
Is 53 a factor of 3074?
True
Does 38 divide 2964?
True
Does 45 divide 1170?
True
Does 27 divide 1067?
False
Is 1745 a multiple of 100?
False
Is 94 a factor of 42535?
False
Is 7 a factor of 5367?
False
Is 6716 a multiple of 9?
False
Is 32 a factor of 1829?
False
Is 11440 a multiple of 110?
True
Is 18 a factor of 189?
False
Does 5 divide 360?
True
Is 10 a factor of 679?
False
Is 3120 a multiple of 24?
True
Is 437 a multiple of 26?
False
Is 140 a multiple of 5?
True
Does 59 divide 236?
True
Does 204 divide 724?
False
Is 40 a factor of 7582?
False
Does 8 divide 3864?
True
Is 74 a multiple of 3?
False
Does 14 divide 1260?
True
Does 69 divide 3705?
False
Does 58 divide 29251?
False
Is 1470 a multiple of 25?
False
Is 10 a factor of 961?
False
Is 4848 a multiple of 128?
False
Does 12 divide 1647?
False
Is 1407 even?
False
Does 13 divide 520?
True
Does 56 divide 1344?
True
Does 52 divide 2756?
True
Is 10690 a multiple of 9?
False
Is 20 a factor of 12499?
False
Is 80 a factor of 32859?
False
Does 29 divide 60?
False
Is 31 a factor of 36394?
True
Is 1640 a multiple of 6?
False
Is 3738 a multiple of 14?
True
Is 3314 a multiple of 16?
False
Does 6 divide 936?
True
Is 65 even?
False
Is 29 a factor of 7578?
False
Is 23373 a multiple of 147?
True
Is 63712 a multiple of 32?
True
Does 43 divide 1075?
True
Is 1695 a multiple of 61?
False
Is 5944 a multiple of 8?
True
Is 8 a factor of 4304?
True
Is 27918 a multiple of 54?
True
Is 91 a multiple of 88?
False
Does 86 divide 4300?
True
Is 39 a factor of 29381?
False
Is 1695 a multiple of 18?
False
Is 76 a factor of 6451?
False
Is 64 a factor of 107?
False
Is 20 a factor of 10656?
False
Is 346 even?
True
Is 7020 a multiple of 36?
True
Is 33 a factor of 1518?
True
Does 122 divide 20740?
True
Does 31 divide 5394?
True
Does 91 divide 910?
True
Does 12 divide 5232?
True
Does 20 divide 2140?
True
Is 20 a factor of 6280?
True
Is 15 a factor of 240?
True
Is 10 a factor of 544?
False
Is 138 a factor of 12452?
False
Is 4692 a multiple of 138?
True
Does 23 divide 1978?
True
Is 222 a multiple of 6?
True
Is 38 a factor of 797?
False
Is 5184 a multiple of 96?
True
Is 1612 a multiple of 13?
True
Does 61 divide 6893?
True
Is 18 a factor of 9684?
True
Is 22 a factor of 7568?
True
Is 9216 a multiple of 48?
True
Is 10 a factor of 4880?
True
Does 2 divide 954?
True
Is 763 a multiple of 114?
False
Is 31637 a multiple of 12?
False
Does 14 divide 895?
False
Is 1159 a multiple of 71?
False
Is 1755 a multiple of 76?
False
Is 35 a factor of 1190?
True
Is 64 a factor of 362?
False
Does 84 divide 2220?
False
Is 287 a multiple of 15?
False
Is 13 a factor of 27?
False
Is 273 a multiple of 64?
False
Is 56 a factor of 43282?
False
Does 5 divide 14?
False
Is 